{"id":1439,"date":"2019-12-06T09:39:07","date_gmt":"2019-12-06T08:39:07","guid":{"rendered":"https:\/\/bzpg.e-bielsko.net\/?page_id=1439"},"modified":"2024-05-21T09:49:54","modified_gmt":"2024-05-21T07:49:54","slug":"zarzad-bzpg","status":"publish","type":"page","link":"https:\/\/www.bzpg.pl\/index.php\/o-bzpg\/zarzad-bzpg\/","title":{"rendered":"Zarz\u0105d BZPG"},"content":{"rendered":"<p><strong><img loading=\"lazy\" decoding=\"async\" class=\"alignnone wp-image-1435\" src=\"https:\/\/bzpg.e-bielsko.net\/wp-content\/uploads\/2019\/12\/kb_logo-300x122.png\" alt=\"\" width=\"49\" height=\"20\" srcset=\"https:\/\/www.bzpg.pl\/wp-content\/uploads\/2019\/12\/kb_logo-300x122.png 300w, https:\/\/www.bzpg.pl\/wp-content\/uploads\/2019\/12\/kb_logo-768x313.png 768w, https:\/\/www.bzpg.pl\/wp-content\/uploads\/2019\/12\/kb_logo.png 974w\" sizes=\"auto, (max-width: 49px) 100vw, 49px\" \/>\u00a0 BZPG &#8211; Zarz\u0105d BZPG<\/strong><\/p>\n<p><strong><img loading=\"lazy\" decoding=\"async\" class=\"alignnone wp-image-1452\" src=\"https:\/\/bzpg.e-bielsko.net\/wp-content\/uploads\/2019\/12\/square1.png\" alt=\"\" width=\"11\" height=\"11\" \/>\u00a0 <\/strong>Zgodnie ze Statutem Beskidzkiego Zwi\u0105zku Powiatowo-Gminnego, Zarz\u0105d jest organem wykonawczym zwi\u0105zku, sk\u0142ada si\u0119 z nie wi\u0119cej ni\u017c 12 os\u00f3b, w sk\u0142ad kt\u00f3rego wchodz\u0105 reprezentanci samorz\u0105d\u00f3w tworz\u0105cych BZPG. Zarz\u0105d dzia\u0142a kolegialnie na posiedzeniach zwo\u0142ywanych przez Przewodnicz\u0105cego Zarz\u0105du, w trakcie kt\u00f3rych podejmowane s\u0105 decyzje m.in. dotycz\u0105ce rozwoju transportu publicznego. Uczestnictwo w Zarz\u0105dzie BZPG jest funkcj\u0105 spo\u0142eczn\u0105.<\/p>\n<p><strong>Zarz\u0105d BZPG tworz\u0105:<\/strong><\/p>\n<ul>\n<li>Przewodnicz\u0105cy Zarz\u0105du Zwi\u0105zku \u2013 <strong>Seweryn Kobiela<\/strong> (dyrektor biura zwi\u0105zku),<\/li>\n<li>Wiceprzewodnicz\u0105cy Zarz\u0105du Zwi\u0105zku \u2013 <strong>Pawe\u0142 Zemanek<\/strong> (W\u00f3jt Gminy Por\u0105bka),<\/li>\n<li>Cz\u0142onek Zarz\u0105du &#8211; <strong>Grzegorz Bobo\u0144\u00a0<\/strong>(W\u00f3jt Gminy Bestwina),<\/li>\n<li><img loading=\"lazy\" decoding=\"async\" class=\"size-full wp-image-2557 alignright\" src=\"https:\/\/www.bzpg.pl\/wp-content\/uploads\/2023\/07\/dlonie.jpg\" alt=\"\" width=\"302\" height=\"172\" srcset=\"https:\/\/www.bzpg.pl\/wp-content\/uploads\/2023\/07\/dlonie.jpg 302w, https:\/\/www.bzpg.pl\/wp-content\/uploads\/2023\/07\/dlonie-300x171.jpg 300w, https:\/\/www.bzpg.pl\/wp-content\/uploads\/2023\/07\/dlonie-35x20.jpg 35w, https:\/\/www.bzpg.pl\/wp-content\/uploads\/2023\/07\/dlonie-20x11.jpg 20w\" sizes=\"auto, (max-width: 302px) 100vw, 302px\" \/>Cz\u0142onek Zarz\u0105du \u2013 <strong>Jerzy Kanik<\/strong> (W\u00f3jt Gminy Buczkowice),<\/li>\n<li>Cz\u0142onek Zarz\u0105du \u2013 <strong>Janusz Pierzyna<\/strong> (W\u00f3jt Gminy Jasienica),<\/li>\n<li>Cz\u0142onek Zarz\u0105du &#8211;\u00a0<strong>Anna Skotnicka-N\u0119dzka <\/strong>(W\u00f3jt Gminy Jaworze)<\/li>\n<li>Cz\u0142onek Zarz\u0105du \u2013 <strong>Jacek Kali\u0144ski<\/strong> (W\u00f3jt Gminy Kozy),<\/li>\n<li>Cz\u0142onek Zarz\u0105du \u2013 <strong>Marcin \u015aliwa<\/strong> (Burmistrz Gminy K\u0119ty),<\/li>\n<li>Cz\u0142onek Zarz\u0105du \u2013 <strong>Antoni Byrdy<\/strong> (Burmistrz Szczyrku),<\/li>\n<li>Cz\u0142onek Zarz\u0105du \u2013 <strong>Kazimierz Cebrat<\/strong> (Burmistrz Wilamowic),<\/li>\n<li>Cz\u0142onek Zarz\u0105du \u2013\u00a0<strong>Maciej Mr\u00f3wka<\/strong> (W\u00f3jt Gminy Wilkowice),<\/li>\n<li>Cz\u0142onek Zarz\u0105du \u2013 <strong>Andrzej P\u0142onka<\/strong> (Starosta Bielski),<\/li>\n<\/ul>\n","protected":false},"excerpt":{"rendered":"<p>\u00a0 BZPG &#8211; Zarz\u0105d BZPG \u00a0 Zgodnie ze Statutem Beskidzkiego Zwi\u0105zku Powiatowo-Gminnego, Zarz\u0105d jest organem wykonawczym zwi\u0105zku, sk\u0142ada si\u0119 z nie wi\u0119cej ni\u017c 12 os\u00f3b, w sk\u0142ad kt\u00f3rego wchodz\u0105 reprezentanci samorz\u0105d\u00f3w tworz\u0105cych BZPG. Zarz\u0105d dzia\u0142a kolegialnie na posiedzeniach zwo\u0142ywanych przez Przewodnicz\u0105cego Zarz\u0105du, w trakcie kt\u00f3rych podejmowane s\u0105 decyzje m.in. dotycz\u0105ce rozwoju transportu publicznego. Uczestnictwo w&hellip; <br \/> <a class=\"read-more\" href=\"https:\/\/www.bzpg.pl\/index.php\/o-bzpg\/zarzad-bzpg\/\">Read more<\/a><\/p>\n","protected":false},"author":1,"featured_media":0,"parent":1434,"menu_order":0,"comment_status":"closed","ping_status":"closed","template":"","meta":{"footnotes":""},"class_list":["post-1439","page","type-page","status-publish","hentry"],"_links":{"self":[{"href":"https:\/\/www.bzpg.pl\/index.php\/wp-json\/wp\/v2\/pages\/1439","targetHints":{"allow":["GET"]}}],"collection":[{"href":"https:\/\/www.bzpg.pl\/index.php\/wp-json\/wp\/v2\/pages"}],"about":[{"href":"https:\/\/www.bzpg.pl\/index.php\/wp-json\/wp\/v2\/types\/page"}],"author":[{"embeddable":true,"href":"https:\/\/www.bzpg.pl\/index.php\/wp-json\/wp\/v2\/users\/1"}],"replies":[{"embeddable":true,"href":"https:\/\/www.bzpg.pl\/index.php\/wp-json\/wp\/v2\/comments?post=1439"}],"version-history":[{"count":13,"href":"https:\/\/www.bzpg.pl\/index.php\/wp-json\/wp\/v2\/pages\/1439\/revisions"}],"predecessor-version":[{"id":2750,"href":"https:\/\/www.bzpg.pl\/index.php\/wp-json\/wp\/v2\/pages\/1439\/revisions\/2750"}],"up":[{"embeddable":true,"href":"https:\/\/www.bzpg.pl\/index.php\/wp-json\/wp\/v2\/pages\/1434"}],"wp:attachment":[{"href":"https:\/\/www.bzpg.pl\/index.php\/wp-json\/wp\/v2\/media?parent=1439"}],"curies":[{"name":"wp","href":"https:\/\/api.w.org\/{rel}","templated":true}]}}