{"id":1455,"date":"2019-12-06T11:54:25","date_gmt":"2019-12-06T10:54:25","guid":{"rendered":"https:\/\/bzpg.e-bielsko.net\/?page_id=1455"},"modified":"2023-07-05T09:32:41","modified_gmt":"2023-07-05T07:32:41","slug":"warto-wiedziec","status":"publish","type":"page","link":"https:\/\/www.bzpg.pl\/index.php\/o-bzpg\/warto-wiedziec\/","title":{"rendered":"Warto wiedzie\u0107"},"content":{"rendered":"<p><strong><img loading=\"lazy\" decoding=\"async\" class=\"alignnone wp-image-1435\" src=\"https:\/\/bzpg.e-bielsko.net\/wp-content\/uploads\/2019\/12\/kb_logo-300x122.png\" sizes=\"auto, (max-width: 49px) 100vw, 49px\" srcset=\"https:\/\/www.bzpg.pl\/wp-content\/uploads\/2019\/12\/kb_logo-300x122.png 300w, https:\/\/www.bzpg.pl\/wp-content\/uploads\/2019\/12\/kb_logo-768x313.png 768w, https:\/\/www.bzpg.pl\/wp-content\/uploads\/2019\/12\/kb_logo.png 974w\" alt=\"\" width=\"49\" height=\"20\" \/>\u00a0 Publiczny transport zbiorowy \u2013 Warto wiedzie\u0107<\/strong><\/p>\n<p><u><strong>Warto wiedzie\u0107, \u017ce:<\/strong><\/u><\/p>\n<p><strong><img loading=\"lazy\" decoding=\"async\" class=\"alignnone wp-image-1452\" src=\"https:\/\/bzpg.e-bielsko.net\/wp-content\/uploads\/2019\/12\/square1.png\" alt=\"\" width=\"11\" height=\"11\" \/> \u00a0<\/strong>Na liniach organizowanych przez Beskidzki Zwi\u0105zek Powiatowo-Gminny (BZPG) mo\u017cna podr\u00f3\u017cowa\u0107 nie tylko po obszarze BZPG. Autobusami mo\u017cna dotrze\u0107 do wielu miejscowo\u015bci, m.in. w powiecie \u017cywieckim, cieszy\u0144skim oraz o\u015bwi\u0119cimskim w wojew\u00f3dztwie ma\u0142opolskim.<\/p>\n<p>BZPG organizuje transport publiczny w na obszarze BZPG, a wi\u0119c\u00a0<strong>Powiatu Bielskiego<\/strong>\u00a0oraz\u00a0gmin go tworz\u0105cych:\u00a0<strong>Bestwina, Buczkowice, Jasienica, Jaworze, K\u0119ty, Kozy, Por\u0105bka, Szczyrk, Wilamowice, Wilkowice<\/strong>, a tak\u017ce na obszarze gmin: <strong>Czernich\u00f3w, \u0141odygowice, Chybie, Andrych\u00f3w i Osiek.<\/strong><\/p>\n<p><strong><img loading=\"lazy\" decoding=\"async\" class=\"alignnone wp-image-1452\" src=\"https:\/\/bzpg.e-bielsko.net\/wp-content\/uploads\/2019\/12\/square1.png\" alt=\"\" width=\"11\" height=\"11\" \/> \u00a0<\/strong>Ka\u017cdy pojazd kursuj\u0105cy na liniach obs\u0142ugiwanych przez BZPG jest oznaczony obecnie logiem Operatora:\u00a0<strong>Komunikacja Beskidzka S.A. (dawniej PKS w Bielsku-Bia\u0142ej S.A.)<\/strong><\/p>\n<p><strong><img loading=\"lazy\" decoding=\"async\" class=\"alignnone wp-image-1452\" src=\"https:\/\/bzpg.e-bielsko.net\/wp-content\/uploads\/2019\/12\/square1.png\" alt=\"\" width=\"11\" height=\"11\" \/>\u00a0 Wsp\u00f3lnie z operatorem dbamy o to, aby \u0142atwo by\u0142o wej\u015b\u0107 do pojazdu<\/strong>. Cz\u0119\u015b\u0107\u00a0pojazd\u00f3w, kt\u00f3rymi dysponuje Operator posiada ju\u017c nisk\u0105 pod\u0142og\u0119. Ponadto czynimy starania maj\u0105ce na celu pozyskanie dodatkowych \u015brodk\u00f3w zewn\u0119trznych na zakup nowoczesnych\u00a0autobus\u00f3w niskopod\u0142ogowych, wyposa\u017conych w najnowocze\u015bniejsze rozwi\u0105zania.<\/p>\n<p><strong><img loading=\"lazy\" decoding=\"async\" class=\"alignnone wp-image-1452\" src=\"https:\/\/bzpg.e-bielsko.net\/wp-content\/uploads\/2019\/12\/square1.png\" alt=\"\" width=\"11\" height=\"11\" \/>\u00a0 Wszystkie pojazdy posiadaj\u0105 darmowy dost\u0119p do internetu Wi-Fi.<\/strong><\/p>\n<p><strong><img loading=\"lazy\" decoding=\"async\" class=\"alignnone wp-image-1452\" src=\"https:\/\/bzpg.e-bielsko.net\/wp-content\/uploads\/2019\/12\/square1.png\" alt=\"\" width=\"11\" height=\"11\" \/>\u00a0 W<\/strong><strong>\u00a0taryfie biletowej BZPG\u00a0znajduje si\u0119 niezwykle atrakcyjny cenowo<\/strong>\u00a0<strong>Bilet 50 przejazdowy<\/strong>. To bilet okresowy umo\u017clwiaj\u0105cy pi\u0119\u0107dziesi\u0105t przejazd\u00f3w w okresie miesi\u0105ca kalendarzowego. Bilet ten w por\u00f3wnaniu do biletu jednorazowego i miesi\u0119cznego jest bardzo atrakcyjny cenowo. Mo\u017cna go kupi\u0107 na dworcu autobusowym Komunikacji Beskidzkiej S.A. przy ul. Warszawskiej 7 w Bielsku-Bia\u0142ej<\/p>\n<p><strong><img loading=\"lazy\" decoding=\"async\" class=\"alignnone wp-image-1452\" src=\"https:\/\/bzpg.e-bielsko.net\/wp-content\/uploads\/2019\/12\/square1.png\" alt=\"\" width=\"11\" height=\"11\" \/>\u00a0 Zarz\u0105d BZPG<\/strong> podj\u0105\u0142 decyzj\u0119, \u017ce z\u00a0dniem<strong>\u00a01 stycznia 2018 roku\u00a0<\/strong>osoby, kt\u00f3re uko\u0144czy\u0142y\u00a0<strong>70. rok \u017cycia,<\/strong>\u00a0b\u0119d\u0105 mog\u0142y\u00a0<u><strong>bezp\u0142atnie\u00a0<\/strong><\/u>podr\u00f3\u017cowa\u0107 komunikacj\u0105 zbiorow\u0105 organizowan\u0105 przez BZPG. Wystarczy okaza\u0107 kierowcy dokument to\u017csamo\u015bci ze zdj\u0119ciem.<\/p>\n<p><strong><img loading=\"lazy\" decoding=\"async\" class=\"alignnone wp-image-1452\" src=\"https:\/\/bzpg.e-bielsko.net\/wp-content\/uploads\/2019\/12\/square1.png\" alt=\"\" width=\"11\" height=\"11\" \/> \u00a0<\/strong>Wymieniamy tabor, w ramach projektu\u00a0 unijnego zakupionych zosta\u0142o 26 szt. nowoczesnych ekologicznych pojazd\u00f3w nap\u0119dzanych spr\u0119\u017conym gazem ziemnym (CNG). W zamian za ten zakup, z\u0142omowanych zostanie 17 autobus\u00f3w nap\u0119dzanych dieslem, co pozytywne wp\u0142ynie na ekologi\u0119, przyczyniaj\u0105c si\u0119 tym samym do promowania niskoemisyjno\u015bci, ale tak\u017ce sprawi i\u017c podr\u00f3\u017cowanie naszymi autobusami b\u0119dzie przyjemno\u015bci\u0105.<\/p>\n<p><strong><img loading=\"lazy\" decoding=\"async\" class=\"alignnone wp-image-1452\" src=\"https:\/\/bzpg.e-bielsko.net\/wp-content\/uploads\/2019\/12\/square1.png\" alt=\"\" width=\"11\" height=\"11\" \/> \u00a0<\/strong>Corocznie na terenie Szczyrku wsp\u00f3lnie z samorz\u0105dem, uruchamiali\u015bmy <strong><u>bezp\u0142atn\u0105 komunikacj\u0119 publiczn\u0105<\/u><\/strong>\u00a0w okresie od\u00a0<strong>grudnia do marca.<\/strong>\u00a0Celem bezp\u0142atnej komunikacji tzw. &#8222;<strong>SKIBUSY<\/strong>&#8221; by\u0142o zmniejszenie kork\u00f3w, u\u0142atwienie przemieszczania si\u0119 po terenie miasta w tym w szczeg\u00f3lno\u015bci pomi\u0119dzy o\u015brodkami narciarskimi oraz troska o \u015brodowisko naturalne i tym samym ograniczenie &#8222;smogu&#8221;.<\/p>\n<p>Od 1 stycznia 2022 roku dzi\u0119ki przeprowadzonej optymalizacji, zosta\u0142a wprowadzona nowa taryfa, w kt\u00f3rej dotychczasowe bilety &#8222;kilometrowe&#8221; zosta\u0142y zast\u0105pione i ujednolicone. Obecnie bilet jednorazowy kosztuje 5,00 z\u0142 bez wzgl\u0119du na liczb\u0119 przystank\u00f3w, czas przejazdu czy d\u0142ugo\u015b\u0107 odcinka. Zmiany zosta\u0142y r\u00f3wnie\u017c wprowadzone w zakresie bilet\u00f3w okresowych. Bilet miesi\u0119czny w kwocie 180,00 z\u0142 upowa\u017cnia do przesiadek na wszystkie lini\u0119 co w poprzedniej taryfie nie by\u0142o mo\u017cliwe.<\/p>\n<p>Zach\u0119camy do korzystania z us\u0142ug Komunikacji Beskidzkiej !!!<\/p>\n<p><img loading=\"lazy\" decoding=\"async\" class=\"alignnone size-full wp-image-2529\" src=\"https:\/\/www.bzpg.pl\/wp-content\/uploads\/2023\/07\/taryfa.jpg\" alt=\"\" width=\"856\" height=\"467\" srcset=\"https:\/\/www.bzpg.pl\/wp-content\/uploads\/2023\/07\/taryfa.jpg 856w, https:\/\/www.bzpg.pl\/wp-content\/uploads\/2023\/07\/taryfa-300x164.jpg 300w, https:\/\/www.bzpg.pl\/wp-content\/uploads\/2023\/07\/taryfa-768x419.jpg 768w, https:\/\/www.bzpg.pl\/wp-content\/uploads\/2023\/07\/taryfa-37x20.jpg 37w, https:\/\/www.bzpg.pl\/wp-content\/uploads\/2023\/07\/taryfa-20x11.jpg 20w\" sizes=\"auto, (max-width: 856px) 100vw, 856px\" \/><\/p>\n<p><strong>Szczeg\u00f3\u0142y dotycz\u0105ce taryfy znajduj\u0105 si\u0119 w regulaminie.<\/strong><\/p>\n","protected":false},"excerpt":{"rendered":"<p>\u00a0 Publiczny transport zbiorowy \u2013 Warto wiedzie\u0107 Warto wiedzie\u0107, \u017ce: \u00a0Na liniach organizowanych przez Beskidzki Zwi\u0105zek Powiatowo-Gminny (BZPG) mo\u017cna podr\u00f3\u017cowa\u0107 nie tylko po obszarze BZPG. Autobusami mo\u017cna dotrze\u0107 do wielu miejscowo\u015bci, m.in. w powiecie \u017cywieckim, cieszy\u0144skim oraz o\u015bwi\u0119cimskim w wojew\u00f3dztwie ma\u0142opolskim. BZPG organizuje transport publiczny w na obszarze BZPG, a wi\u0119c\u00a0Powiatu Bielskiego\u00a0oraz\u00a0gmin go tworz\u0105cych:\u00a0Bestwina, Buczkowice,&hellip; <br \/> <a class=\"read-more\" href=\"https:\/\/www.bzpg.pl\/index.php\/o-bzpg\/warto-wiedziec\/\">Read more<\/a><\/p>\n","protected":false},"author":1,"featured_media":0,"parent":1434,"menu_order":2,"comment_status":"closed","ping_status":"closed","template":"","meta":{"footnotes":""},"class_list":["post-1455","page","type-page","status-publish","hentry"],"_links":{"self":[{"href":"https:\/\/www.bzpg.pl\/index.php\/wp-json\/wp\/v2\/pages\/1455","targetHints":{"allow":["GET"]}}],"collection":[{"href":"https:\/\/www.bzpg.pl\/index.php\/wp-json\/wp\/v2\/pages"}],"about":[{"href":"https:\/\/www.bzpg.pl\/index.php\/wp-json\/wp\/v2\/types\/page"}],"author":[{"embeddable":true,"href":"https:\/\/www.bzpg.pl\/index.php\/wp-json\/wp\/v2\/users\/1"}],"replies":[{"embeddable":true,"href":"https:\/\/www.bzpg.pl\/index.php\/wp-json\/wp\/v2\/comments?post=1455"}],"version-history":[{"count":10,"href":"https:\/\/www.bzpg.pl\/index.php\/wp-json\/wp\/v2\/pages\/1455\/revisions"}],"predecessor-version":[{"id":2530,"href":"https:\/\/www.bzpg.pl\/index.php\/wp-json\/wp\/v2\/pages\/1455\/revisions\/2530"}],"up":[{"embeddable":true,"href":"https:\/\/www.bzpg.pl\/index.php\/wp-json\/wp\/v2\/pages\/1434"}],"wp:attachment":[{"href":"https:\/\/www.bzpg.pl\/index.php\/wp-json\/wp\/v2\/media?parent=1455"}],"curies":[{"name":"wp","href":"https:\/\/api.w.org\/{rel}","templated":true}]}}