{"id":1590,"date":"2019-12-07T23:26:59","date_gmt":"2019-12-07T22:26:59","guid":{"rendered":"https:\/\/bzpg.e-bielsko.net\/?page_id=1590"},"modified":"2025-01-27T08:43:42","modified_gmt":"2025-01-27T07:43:42","slug":"siec-komunikacyjna","status":"publish","type":"page","link":"https:\/\/www.bzpg.pl\/index.php\/dla-pasazera\/siec-komunikacyjna\/","title":{"rendered":"Sie\u0107 komunikacyjna"},"content":{"rendered":"<p><strong><img loading=\"lazy\" decoding=\"async\" class=\"alignnone wp-image-1435\" src=\"https:\/\/bzpg.e-bielsko.net\/wp-content\/uploads\/2019\/12\/kb_logo-300x122.png\" alt=\"\" width=\"49\" height=\"20\" srcset=\"https:\/\/www.bzpg.pl\/wp-content\/uploads\/2019\/12\/kb_logo-300x122.png 300w, https:\/\/www.bzpg.pl\/wp-content\/uploads\/2019\/12\/kb_logo-768x313.png 768w, https:\/\/www.bzpg.pl\/wp-content\/uploads\/2019\/12\/kb_logo.png 974w\" sizes=\"auto, (max-width: 49px) 100vw, 49px\" \/> BZPG &#8211; Dla pasa\u017cera &#8211; Sie\u0107 komunikacyjna<\/strong><\/p>\n<p>&nbsp;<\/p>\n<p><a href=\"https:\/\/www.bzpg.pl\/wp-content\/uploads\/2025\/01\/Obszar-Komunikacyjny-11.2024.pdf\">Obszar Komunikacyjny<\/a><\/p>\n<p><a href=\"https:\/\/www.bzpg.pl\/wp-content\/uploads\/2025\/01\/Obszar-Komunikacyjny-11.2024.jpg\"><img loading=\"lazy\" decoding=\"async\" class=\" wp-image-2841 aligncenter\" src=\"https:\/\/www.bzpg.pl\/wp-content\/uploads\/2025\/01\/Obszar-Komunikacyjny-11.2024-300x200.jpg\" alt=\"\" width=\"1131\" height=\"754\" srcset=\"https:\/\/www.bzpg.pl\/wp-content\/uploads\/2025\/01\/Obszar-Komunikacyjny-11.2024-300x200.jpg 300w, https:\/\/www.bzpg.pl\/wp-content\/uploads\/2025\/01\/Obszar-Komunikacyjny-11.2024-1024x683.jpg 1024w, https:\/\/www.bzpg.pl\/wp-content\/uploads\/2025\/01\/Obszar-Komunikacyjny-11.2024-768x512.jpg 768w, https:\/\/www.bzpg.pl\/wp-content\/uploads\/2025\/01\/Obszar-Komunikacyjny-11.2024-1536x1024.jpg 1536w, https:\/\/www.bzpg.pl\/wp-content\/uploads\/2025\/01\/Obszar-Komunikacyjny-11.2024-2048x1365.jpg 2048w, https:\/\/www.bzpg.pl\/wp-content\/uploads\/2025\/01\/Obszar-Komunikacyjny-11.2024-1620x1080.jpg 1620w, https:\/\/www.bzpg.pl\/wp-content\/uploads\/2025\/01\/Obszar-Komunikacyjny-11.2024-30x20.jpg 30w, https:\/\/www.bzpg.pl\/wp-content\/uploads\/2025\/01\/Obszar-Komunikacyjny-11.2024-20x13.jpg 20w\" sizes=\"auto, (max-width: 1131px) 100vw, 1131px\" \/><\/a><\/p>\n<p>&nbsp;<\/p>\n<p>&nbsp;<\/p>\n","protected":false},"excerpt":{"rendered":"<p>BZPG &#8211; Dla pasa\u017cera &#8211; Sie\u0107 komunikacyjna &nbsp; Obszar Komunikacyjny &nbsp; &nbsp;<\/p>\n","protected":false},"author":1,"featured_media":0,"parent":1550,"menu_order":4,"comment_status":"closed","ping_status":"closed","template":"","meta":{"footnotes":""},"class_list":["post-1590","page","type-page","status-publish","hentry"],"yoast_head":"<!-- This site is optimized with the Yoast SEO plugin v28.1 - https:\/\/yoast.com\/product\/yoast-seo-wordpress\/ -->\n<title>Sie\u0107 komunikacyjna - Beskidzki Zwi\u0105zek Powiatowo Gminny<\/title>\n<meta name=\"robots\" content=\"index, follow, max-snippet:-1, max-image-preview:large, max-video-preview:-1\" \/>\n<link rel=\"canonical\" href=\"https:\/\/www.bzpg.pl\/index.php\/dla-pasazera\/siec-komunikacyjna\/\" \/>\n<meta property=\"og:locale\" content=\"pl_PL\" \/>\n<meta property=\"og:type\" content=\"article\" \/>\n<meta property=\"og:title\" content=\"Sie\u0107 komunikacyjna - Beskidzki Zwi\u0105zek Powiatowo Gminny\" \/>\n<meta property=\"og:description\" content=\"BZPG &#8211; Dla pasa\u017cera &#8211; Sie\u0107 komunikacyjna &nbsp; Obszar Komunikacyjny &nbsp; &nbsp;\" \/>\n<meta property=\"og:url\" content=\"https:\/\/www.bzpg.pl\/index.php\/dla-pasazera\/siec-komunikacyjna\/\" \/>\n<meta property=\"og:site_name\" content=\"Beskidzki Zwi\u0105zek Powiatowo Gminny\" \/>\n<meta property=\"article:modified_time\" content=\"2025-01-27T07:43:42+00:00\" \/>\n<meta property=\"og:image\" content=\"https:\/\/www.bzpg.pl\/wp-content\/uploads\/2019\/12\/kb_logo.png\" \/>\n\t<meta property=\"og:image:width\" content=\"974\" \/>\n\t<meta property=\"og:image:height\" content=\"397\" \/>\n\t<meta property=\"og:image:type\" content=\"image\/png\" \/>\n<meta name=\"twitter:card\" content=\"summary_large_image\" \/>\n<script type=\"application\/ld+json\" class=\"yoast-schema-graph\">{\"@context\":\"https:\\\/\\\/schema.org\",\"@graph\":[{\"@type\":\"WebPage\",\"@id\":\"https:\\\/\\\/www.bzpg.pl\\\/index.php\\\/dla-pasazera\\\/siec-komunikacyjna\\\/\",\"url\":\"https:\\\/\\\/www.bzpg.pl\\\/index.php\\\/dla-pasazera\\\/siec-komunikacyjna\\\/\",\"name\":\"Sie\u0107 komunikacyjna - Beskidzki Zwi\u0105zek Powiatowo Gminny\",\"isPartOf\":{\"@id\":\"https:\\\/\\\/www.bzpg.pl\\\/#website\"},\"primaryImageOfPage\":{\"@id\":\"https:\\\/\\\/www.bzpg.pl\\\/index.php\\\/dla-pasazera\\\/siec-komunikacyjna\\\/#primaryimage\"},\"image\":{\"@id\":\"https:\\\/\\\/www.bzpg.pl\\\/index.php\\\/dla-pasazera\\\/siec-komunikacyjna\\\/#primaryimage\"},\"thumbnailUrl\":\"https:\\\/\\\/bzpg.e-bielsko.net\\\/wp-content\\\/uploads\\\/2019\\\/12\\\/kb_logo-300x122.png\",\"datePublished\":\"2019-12-07T22:26:59+00:00\",\"dateModified\":\"2025-01-27T07:43:42+00:00\",\"breadcrumb\":{\"@id\":\"https:\\\/\\\/www.bzpg.pl\\\/index.php\\\/dla-pasazera\\\/siec-komunikacyjna\\\/#breadcrumb\"},\"inLanguage\":\"pl-PL\",\"potentialAction\":[{\"@type\":\"ReadAction\",\"target\":[\"https:\\\/\\\/www.bzpg.pl\\\/index.php\\\/dla-pasazera\\\/siec-komunikacyjna\\\/\"]}]},{\"@type\":\"ImageObject\",\"inLanguage\":\"pl-PL\",\"@id\":\"https:\\\/\\\/www.bzpg.pl\\\/index.php\\\/dla-pasazera\\\/siec-komunikacyjna\\\/#primaryimage\",\"url\":\"https:\\\/\\\/bzpg.e-bielsko.net\\\/wp-content\\\/uploads\\\/2019\\\/12\\\/kb_logo-300x122.png\",\"contentUrl\":\"https:\\\/\\\/bzpg.e-bielsko.net\\\/wp-content\\\/uploads\\\/2019\\\/12\\\/kb_logo-300x122.png\"},{\"@type\":\"BreadcrumbList\",\"@id\":\"https:\\\/\\\/www.bzpg.pl\\\/index.php\\\/dla-pasazera\\\/siec-komunikacyjna\\\/#breadcrumb\",\"itemListElement\":[{\"@type\":\"ListItem\",\"position\":1,\"name\":\"Home\",\"item\":\"https:\\\/\\\/www.bzpg.pl\\\/\"},{\"@type\":\"ListItem\",\"position\":2,\"name\":\"Dla pasa\u017cera\",\"item\":\"https:\\\/\\\/www.bzpg.pl\\\/index.php\\\/dla-pasazera\\\/\"},{\"@type\":\"ListItem\",\"position\":3,\"name\":\"Sie\u0107 komunikacyjna\"}]},{\"@type\":\"WebSite\",\"@id\":\"https:\\\/\\\/www.bzpg.pl\\\/#website\",\"url\":\"https:\\\/\\\/www.bzpg.pl\\\/\",\"name\":\"Beskidzki Zwi\u0105zek Powiatowo Gminny\",\"description\":\"\",\"publisher\":{\"@id\":\"https:\\\/\\\/www.bzpg.pl\\\/#organization\"},\"potentialAction\":[{\"@type\":\"SearchAction\",\"target\":{\"@type\":\"EntryPoint\",\"urlTemplate\":\"https:\\\/\\\/www.bzpg.pl\\\/?s={search_term_string}\"},\"query-input\":{\"@type\":\"PropertyValueSpecification\",\"valueRequired\":true,\"valueName\":\"search_term_string\"}}],\"inLanguage\":\"pl-PL\"},{\"@type\":\"Organization\",\"@id\":\"https:\\\/\\\/www.bzpg.pl\\\/#organization\",\"name\":\"Beskidzki Zwi\u0105zek Powiatowo Gminny\",\"url\":\"https:\\\/\\\/www.bzpg.pl\\\/\",\"logo\":{\"@type\":\"ImageObject\",\"inLanguage\":\"pl-PL\",\"@id\":\"https:\\\/\\\/www.bzpg.pl\\\/#\\\/schema\\\/logo\\\/image\\\/\",\"url\":\"https:\\\/\\\/www.bzpg.pl\\\/wp-content\\\/uploads\\\/2021\\\/01\\\/cropped-bzpg_logo1.png\",\"contentUrl\":\"https:\\\/\\\/www.bzpg.pl\\\/wp-content\\\/uploads\\\/2021\\\/01\\\/cropped-bzpg_logo1.png\",\"width\":1733,\"height\":432,\"caption\":\"Beskidzki Zwi\u0105zek Powiatowo Gminny\"},\"image\":{\"@id\":\"https:\\\/\\\/www.bzpg.pl\\\/#\\\/schema\\\/logo\\\/image\\\/\"}}]}<\/script>\n<!-- \/ Yoast SEO plugin. -->","yoast_head_json":{"title":"Sie\u0107 komunikacyjna - Beskidzki Zwi\u0105zek Powiatowo Gminny","robots":{"index":"index","follow":"follow","max-snippet":"max-snippet:-1","max-image-preview":"max-image-preview:large","max-video-preview":"max-video-preview:-1"},"canonical":"https:\/\/www.bzpg.pl\/index.php\/dla-pasazera\/siec-komunikacyjna\/","og_locale":"pl_PL","og_type":"article","og_title":"Sie\u0107 komunikacyjna - Beskidzki Zwi\u0105zek Powiatowo Gminny","og_description":"BZPG &#8211; Dla pasa\u017cera &#8211; Sie\u0107 komunikacyjna &nbsp; Obszar Komunikacyjny &nbsp; &nbsp;","og_url":"https:\/\/www.bzpg.pl\/index.php\/dla-pasazera\/siec-komunikacyjna\/","og_site_name":"Beskidzki Zwi\u0105zek Powiatowo Gminny","article_modified_time":"2025-01-27T07:43:42+00:00","og_image":[{"width":974,"height":397,"url":"https:\/\/www.bzpg.pl\/wp-content\/uploads\/2019\/12\/kb_logo.png","type":"image\/png"}],"twitter_card":"summary_large_image","schema":{"@context":"https:\/\/schema.org","@graph":[{"@type":"WebPage","@id":"https:\/\/www.bzpg.pl\/index.php\/dla-pasazera\/siec-komunikacyjna\/","url":"https:\/\/www.bzpg.pl\/index.php\/dla-pasazera\/siec-komunikacyjna\/","name":"Sie\u0107 komunikacyjna - Beskidzki Zwi\u0105zek Powiatowo Gminny","isPartOf":{"@id":"https:\/\/www.bzpg.pl\/#website"},"primaryImageOfPage":{"@id":"https:\/\/www.bzpg.pl\/index.php\/dla-pasazera\/siec-komunikacyjna\/#primaryimage"},"image":{"@id":"https:\/\/www.bzpg.pl\/index.php\/dla-pasazera\/siec-komunikacyjna\/#primaryimage"},"thumbnailUrl":"https:\/\/bzpg.e-bielsko.net\/wp-content\/uploads\/2019\/12\/kb_logo-300x122.png","datePublished":"2019-12-07T22:26:59+00:00","dateModified":"2025-01-27T07:43:42+00:00","breadcrumb":{"@id":"https:\/\/www.bzpg.pl\/index.php\/dla-pasazera\/siec-komunikacyjna\/#breadcrumb"},"inLanguage":"pl-PL","potentialAction":[{"@type":"ReadAction","target":["https:\/\/www.bzpg.pl\/index.php\/dla-pasazera\/siec-komunikacyjna\/"]}]},{"@type":"ImageObject","inLanguage":"pl-PL","@id":"https:\/\/www.bzpg.pl\/index.php\/dla-pasazera\/siec-komunikacyjna\/#primaryimage","url":"https:\/\/bzpg.e-bielsko.net\/wp-content\/uploads\/2019\/12\/kb_logo-300x122.png","contentUrl":"https:\/\/bzpg.e-bielsko.net\/wp-content\/uploads\/2019\/12\/kb_logo-300x122.png"},{"@type":"BreadcrumbList","@id":"https:\/\/www.bzpg.pl\/index.php\/dla-pasazera\/siec-komunikacyjna\/#breadcrumb","itemListElement":[{"@type":"ListItem","position":1,"name":"Home","item":"https:\/\/www.bzpg.pl\/"},{"@type":"ListItem","position":2,"name":"Dla pasa\u017cera","item":"https:\/\/www.bzpg.pl\/index.php\/dla-pasazera\/"},{"@type":"ListItem","position":3,"name":"Sie\u0107 komunikacyjna"}]},{"@type":"WebSite","@id":"https:\/\/www.bzpg.pl\/#website","url":"https:\/\/www.bzpg.pl\/","name":"Beskidzki Zwi\u0105zek Powiatowo Gminny","description":"","publisher":{"@id":"https:\/\/www.bzpg.pl\/#organization"},"potentialAction":[{"@type":"SearchAction","target":{"@type":"EntryPoint","urlTemplate":"https:\/\/www.bzpg.pl\/?s={search_term_string}"},"query-input":{"@type":"PropertyValueSpecification","valueRequired":true,"valueName":"search_term_string"}}],"inLanguage":"pl-PL"},{"@type":"Organization","@id":"https:\/\/www.bzpg.pl\/#organization","name":"Beskidzki Zwi\u0105zek Powiatowo Gminny","url":"https:\/\/www.bzpg.pl\/","logo":{"@type":"ImageObject","inLanguage":"pl-PL","@id":"https:\/\/www.bzpg.pl\/#\/schema\/logo\/image\/","url":"https:\/\/www.bzpg.pl\/wp-content\/uploads\/2021\/01\/cropped-bzpg_logo1.png","contentUrl":"https:\/\/www.bzpg.pl\/wp-content\/uploads\/2021\/01\/cropped-bzpg_logo1.png","width":1733,"height":432,"caption":"Beskidzki Zwi\u0105zek Powiatowo Gminny"},"image":{"@id":"https:\/\/www.bzpg.pl\/#\/schema\/logo\/image\/"}}]}},"_links":{"self":[{"href":"https:\/\/www.bzpg.pl\/index.php\/wp-json\/wp\/v2\/pages\/1590","targetHints":{"allow":["GET"]}}],"collection":[{"href":"https:\/\/www.bzpg.pl\/index.php\/wp-json\/wp\/v2\/pages"}],"about":[{"href":"https:\/\/www.bzpg.pl\/index.php\/wp-json\/wp\/v2\/types\/page"}],"author":[{"embeddable":true,"href":"https:\/\/www.bzpg.pl\/index.php\/wp-json\/wp\/v2\/users\/1"}],"replies":[{"embeddable":true,"href":"https:\/\/www.bzpg.pl\/index.php\/wp-json\/wp\/v2\/comments?post=1590"}],"version-history":[{"count":18,"href":"https:\/\/www.bzpg.pl\/index.php\/wp-json\/wp\/v2\/pages\/1590\/revisions"}],"predecessor-version":[{"id":2842,"href":"https:\/\/www.bzpg.pl\/index.php\/wp-json\/wp\/v2\/pages\/1590\/revisions\/2842"}],"up":[{"embeddable":true,"href":"https:\/\/www.bzpg.pl\/index.php\/wp-json\/wp\/v2\/pages\/1550"}],"wp:attachment":[{"href":"https:\/\/www.bzpg.pl\/index.php\/wp-json\/wp\/v2\/media?parent=1590"}],"curies":[{"name":"wp","href":"https:\/\/api.w.org\/{rel}","templated":true}]}}

Sieć komunikacyjna

<p><strong><img loading="lazy" decoding="async" class="alignnone wp-image-1435" src="https://bzpg.e-bielsko.net/wp-content/uploads/2019/12/kb_logo-300x122.png" alt="" width="49" height="20" srcset="https://www.bzpg.pl/wp-content/uploads/2019/12/kb_logo-300x122.png 300w, https://www.bzpg.pl/wp-content/uploads/2019/12/kb_logo-768x313.png 768w, https://www.bzpg.pl/wp-content/uploads/2019/12/kb_logo.png 974w" sizes="auto, (max-width: 49px) 100vw, 49px" /> BZPG &#8211; Dla pasażera &#8211; Sieć komunikacyjna</strong></p>
<p>&nbsp;</p>
<p><a href="https://www.bzpg.pl/wp-content/uploads/2025/01/Obszar-Komunikacyjny-11.2024.pdf">Obszar Komunikacyjny</a></p>
<p><a href="https://www.bzpg.pl/wp-content/uploads/2025/01/Obszar-Komunikacyjny-11.2024.jpg"><img loading="lazy" decoding="async" class=" wp-image-2841 aligncenter" src="https://www.bzpg.pl/wp-content/uploads/2025/01/Obszar-Komunikacyjny-11.2024-300x200.jpg" alt="" width="1131" height="754" srcset="https://www.bzpg.pl/wp-content/uploads/2025/01/Obszar-Komunikacyjny-11.2024-300x200.jpg 300w, https://www.bzpg.pl/wp-content/uploads/2025/01/Obszar-Komunikacyjny-11.2024-1024x683.jpg 1024w, https://www.bzpg.pl/wp-content/uploads/2025/01/Obszar-Komunikacyjny-11.2024-768x512.jpg 768w, https://www.bzpg.pl/wp-content/uploads/2025/01/Obszar-Komunikacyjny-11.2024-1536x1024.jpg 1536w, https://www.bzpg.pl/wp-content/uploads/2025/01/Obszar-Komunikacyjny-11.2024-2048x1365.jpg 2048w, https://www.bzpg.pl/wp-content/uploads/2025/01/Obszar-Komunikacyjny-11.2024-1620x1080.jpg 1620w, https://www.bzpg.pl/wp-content/uploads/2025/01/Obszar-Komunikacyjny-11.2024-30x20.jpg 30w, https://www.bzpg.pl/wp-content/uploads/2025/01/Obszar-Komunikacyjny-11.2024-20x13.jpg 20w" sizes="auto, (max-width: 1131px) 100vw, 1131px" /></a></p>
<p>&nbsp;</p>
<p>&nbsp;</p>

<p>BZPG &#8211; Dla pasażera &#8211; Sieć komunikacyjna &nbsp; Obszar Komunikacyjny &nbsp; &nbsp;</p>

<!-- This site is optimized with the Yoast SEO plugin v28.1 - https://yoast.com/product/yoast-seo-wordpress/ -->
<title>Sieć komunikacyjna - Beskidzki Związek Powiatowo Gminny</title>
<meta name="robots" content="index, follow, max-snippet:-1, max-image-preview:large, max-video-preview:-1" />
<link rel="canonical" href="https://www.bzpg.pl/index.php/dla-pasazera/siec-komunikacyjna/" />
<meta property="og:locale" content="pl_PL" />
<meta property="og:type" content="article" />
<meta property="og:title" content="Sieć komunikacyjna - Beskidzki Związek Powiatowo Gminny" />
<meta property="og:description" content="BZPG &#8211; Dla pasażera &#8211; Sieć komunikacyjna &nbsp; Obszar Komunikacyjny &nbsp; &nbsp;" />
<meta property="og:url" content="https://www.bzpg.pl/index.php/dla-pasazera/siec-komunikacyjna/" />
<meta property="og:site_name" content="Beskidzki Związek Powiatowo Gminny" />
<meta property="article:modified_time" content="2025-01-27T07:43:42+00:00" />
<meta property="og:image" content="https://www.bzpg.pl/wp-content/uploads/2019/12/kb_logo.png" />
	<meta property="og:image:width" content="974" />
	<meta property="og:image:height" content="397" />
	<meta property="og:image:type" content="image/png" />
<meta name="twitter:card" content="summary_large_image" />
<script type="application/ld+json" class="yoast-schema-graph">{"@context":"https:\/\/schema.org","@graph":[{"@type":"WebPage","@id":"https:\/\/www.bzpg.pl\/index.php\/dla-pasazera\/siec-komunikacyjna\/","url":"https:\/\/www.bzpg.pl\/index.php\/dla-pasazera\/siec-komunikacyjna\/","name":"Sieć komunikacyjna - Beskidzki Związek Powiatowo Gminny","isPartOf":{"@id":"https:\/\/www.bzpg.pl\/#website"},"primaryImageOfPage":{"@id":"https:\/\/www.bzpg.pl\/index.php\/dla-pasazera\/siec-komunikacyjna\/#primaryimage"},"image":{"@id":"https:\/\/www.bzpg.pl\/index.php\/dla-pasazera\/siec-komunikacyjna\/#primaryimage"},"thumbnailUrl":"https:\/\/bzpg.e-bielsko.net\/wp-content\/uploads\/2019\/12\/kb_logo-300x122.png","datePublished":"2019-12-07T22:26:59+00:00","dateModified":"2025-01-27T07:43:42+00:00","breadcrumb":{"@id":"https:\/\/www.bzpg.pl\/index.php\/dla-pasazera\/siec-komunikacyjna\/#breadcrumb"},"inLanguage":"pl-PL","potentialAction":[{"@type":"ReadAction","target":["https:\/\/www.bzpg.pl\/index.php\/dla-pasazera\/siec-komunikacyjna\/"]}]},{"@type":"ImageObject","inLanguage":"pl-PL","@id":"https:\/\/www.bzpg.pl\/index.php\/dla-pasazera\/siec-komunikacyjna\/#primaryimage","url":"https:\/\/bzpg.e-bielsko.net\/wp-content\/uploads\/2019\/12\/kb_logo-300x122.png","contentUrl":"https:\/\/bzpg.e-bielsko.net\/wp-content\/uploads\/2019\/12\/kb_logo-300x122.png"},{"@type":"BreadcrumbList","@id":"https:\/\/www.bzpg.pl\/index.php\/dla-pasazera\/siec-komunikacyjna\/#breadcrumb","itemListElement":[{"@type":"ListItem","position":1,"name":"Home","item":"https:\/\/www.bzpg.pl\/"},{"@type":"ListItem","position":2,"name":"Dla pasażera","item":"https:\/\/www.bzpg.pl\/index.php\/dla-pasazera\/"},{"@type":"ListItem","position":3,"name":"Sieć komunikacyjna"}]},{"@type":"WebSite","@id":"https:\/\/www.bzpg.pl\/#website","url":"https:\/\/www.bzpg.pl\/","name":"Beskidzki Związek Powiatowo Gminny","description":"","publisher":{"@id":"https:\/\/www.bzpg.pl\/#organization"},"potentialAction":[{"@type":"SearchAction","target":{"@type":"EntryPoint","urlTemplate":"https:\/\/www.bzpg.pl\/?s={search_term_string}"},"query-input":{"@type":"PropertyValueSpecification","valueRequired":true,"valueName":"search_term_string"}}],"inLanguage":"pl-PL"},{"@type":"Organization","@id":"https:\/\/www.bzpg.pl\/#organization","name":"Beskidzki Związek Powiatowo Gminny","url":"https:\/\/www.bzpg.pl\/","logo":{"@type":"ImageObject","inLanguage":"pl-PL","@id":"https:\/\/www.bzpg.pl\/#\/schema\/logo\/image\/","url":"https:\/\/www.bzpg.pl\/wp-content\/uploads\/2021\/01\/cropped-bzpg_logo1.png","contentUrl":"https:\/\/www.bzpg.pl\/wp-content\/uploads\/2021\/01\/cropped-bzpg_logo1.png","width":1733,"height":432,"caption":"Beskidzki Związek Powiatowo Gminny"},"image":{"@id":"https:\/\/www.bzpg.pl\/#\/schema\/logo\/image\/"}}]}</script>
<!-- / Yoast SEO plugin. -->

Sieć komunikacyjna - Beskidzki Związek Powiatowo Gminny

BZPG &#8211; Dla pasażera &#8211; Sieć komunikacyjna &nbsp; Obszar Komunikacyjny &nbsp; &nbsp;

Beskidzki Związek Powiatowo Gminny

Dla pasażera
