{"id":1606,"date":"2019-12-07T23:50:06","date_gmt":"2019-12-07T22:50:06","guid":{"rendered":"https:\/\/bzpg.e-bielsko.net\/?page_id=1606"},"modified":"2023-07-05T12:51:55","modified_gmt":"2023-07-05T10:51:55","slug":"faq-najczesciej-zadawane-pytania","status":"publish","type":"page","link":"https:\/\/www.bzpg.pl\/index.php\/dla-pasazera\/faq-najczesciej-zadawane-pytania\/","title":{"rendered":"FAQ &#8211; Najcz\u0119\u015bciej zadawane pytania"},"content":{"rendered":"<p><strong><img loading=\"lazy\" decoding=\"async\" class=\"alignnone wp-image-1435\" src=\"https:\/\/bzpg.e-bielsko.net\/wp-content\/uploads\/2019\/12\/kb_logo-300x122.png\" alt=\"\" width=\"49\" height=\"20\" srcset=\"https:\/\/www.bzpg.pl\/wp-content\/uploads\/2019\/12\/kb_logo-300x122.png 300w, https:\/\/www.bzpg.pl\/wp-content\/uploads\/2019\/12\/kb_logo-768x313.png 768w, https:\/\/www.bzpg.pl\/wp-content\/uploads\/2019\/12\/kb_logo.png 974w\" sizes=\"auto, (max-width: 49px) 100vw, 49px\" \/> BZPG &#8211; Dla pasa\u017cera &#8211; FAQ Najcz\u0119\u015bciej zadawane pytania<\/strong><\/p>\n<p>&nbsp;<\/p>\n<p style=\"color: #a6192e; font-weight: bold;\">INFORMACJE OG\u00d3LNE<\/p>\n<p><strong>1. Dlaczego powsta\u0142 Beskidzki Zwi\u0105zek Powiatowo-Gminny (BZPG)?<\/strong><\/p>\n<p>&#8211; BZPG zosta\u0142 utworzony w celu wsp\u00f3lnego prowadzenia zada\u0144 z zakresu publicznego\u00a0transportu\u00a0zbiorowego.<\/p>\n<p><strong>2. Czym si\u0119 zajmuje BZPG?<\/strong><\/p>\n<p>&#8211; BZPG organizuje i zarz\u0105dza powiatowo-gminnymi przewozami pasa\u017cerskimi na obszarze samorz\u0105d\u00f3w go tworz\u0105cych (Powiat Bielski oraz Gminy: Bestwina, Buczkowice, Jasienica, Jaworze, K\u0119ty, Kozy, Szczyrk, Por\u0105bka, Wilamowice i Wilkowice), a tak\u017ce na obszarze Gminy Andrych\u00f3w, Chybie, Czernich\u00f3w, \u0141odygowice i Osiek.<\/p>\n<hr \/>\n<p style=\"color: #a6192e; font-weight: bold;\">BILETY<\/p>\n<p><strong>1. Gdzie mog\u0119 naby\u0107 bilety?<\/strong><\/p>\n<p>&#8211; Bilety miesi\u0119czne oraz wieloprzejazdowe dost\u0119pne s\u0105 w kasie na dworcu autobusowym w Bielsku-Bia\u0142ej przy ul. Warszawskiej, natomiast bilety jednorazowe mo\u017cna naby\u0107 w kasie dworca autobusowego lub bezpo\u015brednio u kierowcy autobusu.<\/p>\n<p><strong>2. Od czego jest uzale\u017cniona op\u0142ata za przejazd?<\/strong><\/p>\n<p>&#8211; Op\u0142ata\u00a0uzale\u017cniona jest od d\u0142ugo\u015bci trasy przejazdu oraz przys\u0142uguj\u0105cych ulg.<\/p>\n<p><strong>3. Komu przys\u0142uguje bezp\u0142atny przejazd?<\/strong><\/p>\n<p>&#8211; Stra\u017cy Granicznej, Pos\u0142om i Senatorom, Dziecku do lat 4 (pod warunkiem niekorzystania z oddzielnego miejsca do siedzenia) oraz osobom, kt\u00f3re uko\u0144czy\u0142y 70 lat.<\/p>\n<p><strong>4. Gdzie mog\u0119 z\u0142o\u017cy\u0107 reklamacje dotycz\u0105c\u0105 biletu?<\/strong><\/p>\n<p>&#8211; Reklamacje mo\u017cna sk\u0142ada\u0107 na dworcu autobusowym w Bielsku-Bia\u0142ej przy ul. Warszawskiej<\/p>\n<p><strong>5. Zgubi\u0142em legitymacj\u0119 studenck\u0105, Czy w czasie wyrabiania nowej mog\u0119 korzysta\u0107 z ulgowych przejazd\u00f3w komunikacj\u0105 publiczn\u0105?<\/strong><\/p>\n<p>&#8211; Dokumentem potwierdzaj\u0105cym prawo do ulgi jest wa\u017cna legitymacja studencka lub elektroniczna legitymacja studencka\u00a0wed\u0142ug wzoru okre\u015blonego w\u00a0<em>Rozporz\u0105dzeniu Ministra Nauki i Szkolnictwa Wy\u017cszego w sprawie dokumentacji przebiegu studi\u00f3w\u00a0<\/em>z dnia 14 wrze\u015bnia 2011 roku (Dz.U. z 2011 r., nr 201, poz. 1188) w zwi\u0105zku z art. 188 ust. 1\u00a0<em>Ustawy Prawo o szkolnictwie wy\u017cszym\u00a0<\/em>z dnia 27 lipca 2005 roku (Dz.U. z 2005 r., nr 164, poz. 1365 ze zm.).<\/p>\n<p>Oznacza to, \u017ce w trakcie kontroli bilet\u00f3w,\u00a0studenci zobowi\u0105zani s\u0105 do okazania biletu oraz legitymacji studenckiej lub elektronicznej legitymacji studenckiej. W czasie, gdy osoba uprawniona do ulgowych przejazd\u00f3w\u00a0nie posiada dokumentu po\u015bwiadczaj\u0105cego prawo do ulgi, zobowi\u0105zana jest do korzystania z komunikacji miejskiej na podstawie bilet\u00f3w normalnych, czyli p\u0142atnych 100 proc.<\/p>\n<p>Za\u015bwiadczenie potwierdzaj\u0105ce status studenta, wydane przez uczelni\u0119 na czas wyrabiania nowej legitymacji studenckiej, nie jest dokumentem uprawniaj\u0105cym do przejazd\u00f3w ulgowych.<\/p>\n<hr \/>\n<p style=\"color: #a6192e; font-weight: bold;\">WNIOSKI<\/p>\n<p><strong>1. Gdzie mog\u0119 z\u0142o\u017cy\u0107 wniosek dotycz\u0105cy przebiegu linii komunikacyjnej oraz rozk\u0142ad\u00f3w jazdy?<\/strong><\/p>\n<p>&#8211; Wnioski\u00a0przyjmuje\u00a0Biuro\u00a0Beskidzkiego Zwi\u0105zku Powiatowo-Gminnego.<\/p>\n<hr \/>\n<p style=\"color: #a6192e; font-weight: bold;\">SKARGI I UWAGI<\/p>\n<p><strong>1. Gdzie mog\u0119 z\u0142o\u017cy\u0107 skarg\u0119 na jako\u015b\u0107 \u015bwiadczonych us\u0142ug.<\/strong><\/p>\n<p>&#8211; Skargi nale\u017cy sk\u0142ada\u0107 u operatora Komunikacji Beskidzkiej S.A. lub w Biurze BZPG.<\/p>\n","protected":false},"excerpt":{"rendered":"<p>BZPG &#8211; Dla pasa\u017cera &#8211; FAQ Najcz\u0119\u015bciej zadawane pytania &nbsp; INFORMACJE OG\u00d3LNE 1. Dlaczego powsta\u0142 Beskidzki Zwi\u0105zek Powiatowo-Gminny (BZPG)? &#8211; BZPG zosta\u0142 utworzony w celu wsp\u00f3lnego prowadzenia zada\u0144 z zakresu publicznego\u00a0transportu\u00a0zbiorowego. 2. Czym si\u0119 zajmuje BZPG? &#8211; BZPG organizuje i zarz\u0105dza powiatowo-gminnymi przewozami pasa\u017cerskimi na obszarze samorz\u0105d\u00f3w go tworz\u0105cych (Powiat Bielski oraz Gminy: Bestwina, Buczkowice,&hellip; <br \/> <a class=\"read-more\" href=\"https:\/\/www.bzpg.pl\/index.php\/dla-pasazera\/faq-najczesciej-zadawane-pytania\/\">Read more<\/a><\/p>\n","protected":false},"author":1,"featured_media":0,"parent":1550,"menu_order":5,"comment_status":"closed","ping_status":"closed","template":"","meta":{"footnotes":""},"class_list":["post-1606","page","type-page","status-publish","hentry"],"_links":{"self":[{"href":"https:\/\/www.bzpg.pl\/index.php\/wp-json\/wp\/v2\/pages\/1606","targetHints":{"allow":["GET"]}}],"collection":[{"href":"https:\/\/www.bzpg.pl\/index.php\/wp-json\/wp\/v2\/pages"}],"about":[{"href":"https:\/\/www.bzpg.pl\/index.php\/wp-json\/wp\/v2\/types\/page"}],"author":[{"embeddable":true,"href":"https:\/\/www.bzpg.pl\/index.php\/wp-json\/wp\/v2\/users\/1"}],"replies":[{"embeddable":true,"href":"https:\/\/www.bzpg.pl\/index.php\/wp-json\/wp\/v2\/comments?post=1606"}],"version-history":[{"count":10,"href":"https:\/\/www.bzpg.pl\/index.php\/wp-json\/wp\/v2\/pages\/1606\/revisions"}],"predecessor-version":[{"id":2554,"href":"https:\/\/www.bzpg.pl\/index.php\/wp-json\/wp\/v2\/pages\/1606\/revisions\/2554"}],"up":[{"embeddable":true,"href":"https:\/\/www.bzpg.pl\/index.php\/wp-json\/wp\/v2\/pages\/1550"}],"wp:attachment":[{"href":"https:\/\/www.bzpg.pl\/index.php\/wp-json\/wp\/v2\/media?parent=1606"}],"curies":[{"name":"wp","href":"https:\/\/api.w.org\/{rel}","templated":true}]}}