{"id":2405,"date":"2023-02-07T10:30:36","date_gmt":"2023-02-07T09:30:36","guid":{"rendered":"https:\/\/www.bzpg.pl\/?page_id=2405"},"modified":"2023-02-07T10:30:36","modified_gmt":"2023-02-07T09:30:36","slug":"waznosc-legitymacji-sluzbowej-mg","status":"publish","type":"page","link":"https:\/\/www.bzpg.pl\/index.php\/waznosc-legitymacji-sluzbowej-mg\/","title":{"rendered":"Wa\u017cno\u015b\u0107 legitymacji s\u0142u\u017cbowej MG"},"content":{"rendered":"<p><strong>LEGITYMACJA S\u0141U\u017bBOWA<\/strong><\/p>\n<p>Wydana dla: <strong>MG<\/strong><\/p>\n<p>Beskidzki Zwi\u0105zek Powiatowo-Gminny, 43-300 Bielsko-Bia\u0142a, ul. Legion\u00f3w 54<\/p>\n<p>POTWIERDZA WA\u017bNO\u015a\u0106 DOKUMENTU<\/p>\n<p><strong>wa\u017cny od 01.01.2023 do 31.12.2023<\/strong><\/p>\n","protected":false},"excerpt":{"rendered":"<p>LEGITYMACJA S\u0141U\u017bBOWA Wydana dla: MG Beskidzki Zwi\u0105zek Powiatowo-Gminny, 43-300 Bielsko-Bia\u0142a, ul. Legion\u00f3w 54 POTWIERDZA WA\u017bNO\u015a\u0106 DOKUMENTU wa\u017cny od 01.01.2023 do 31.12.2023<\/p>\n","protected":false},"author":4,"featured_media":0,"parent":0,"menu_order":0,"comment_status":"closed","ping_status":"closed","template":"","meta":{"footnotes":""},"class_list":["post-2405","page","type-page","status-publish","hentry"],"_links":{"self":[{"href":"https:\/\/www.bzpg.pl\/index.php\/wp-json\/wp\/v2\/pages\/2405","targetHints":{"allow":["GET"]}}],"collection":[{"href":"https:\/\/www.bzpg.pl\/index.php\/wp-json\/wp\/v2\/pages"}],"about":[{"href":"https:\/\/www.bzpg.pl\/index.php\/wp-json\/wp\/v2\/types\/page"}],"author":[{"embeddable":true,"href":"https:\/\/www.bzpg.pl\/index.php\/wp-json\/wp\/v2\/users\/4"}],"replies":[{"embeddable":true,"href":"https:\/\/www.bzpg.pl\/index.php\/wp-json\/wp\/v2\/comments?post=2405"}],"version-history":[{"count":1,"href":"https:\/\/www.bzpg.pl\/index.php\/wp-json\/wp\/v2\/pages\/2405\/revisions"}],"predecessor-version":[{"id":2406,"href":"https:\/\/www.bzpg.pl\/index.php\/wp-json\/wp\/v2\/pages\/2405\/revisions\/2406"}],"wp:attachment":[{"href":"https:\/\/www.bzpg.pl\/index.php\/wp-json\/wp\/v2\/media?parent=2405"}],"curies":[{"name":"wp","href":"https:\/\/api.w.org\/{rel}","templated":true}]}}