{"id":2490,"date":"2023-06-29T12:10:13","date_gmt":"2023-06-29T10:10:13","guid":{"rendered":"https:\/\/www.bzpg.pl\/?page_id=2490"},"modified":"2023-07-06T10:23:18","modified_gmt":"2023-07-06T08:23:18","slug":"podstawa-prawna","status":"publish","type":"page","link":"https:\/\/www.bzpg.pl\/index.php\/podstawa-prawna\/","title":{"rendered":"Podstawa prawna"},"content":{"rendered":"<p><strong><img loading=\"lazy\" decoding=\"async\" class=\"alignnone wp-image-1435\" src=\"https:\/\/bzpg.e-bielsko.net\/wp-content\/uploads\/2019\/12\/kb_logo-300x122.png\" sizes=\"auto, (max-width: 49px) 100vw, 49px\" srcset=\"https:\/\/www.bzpg.pl\/wp-content\/uploads\/2019\/12\/kb_logo-300x122.png 300w, https:\/\/www.bzpg.pl\/wp-content\/uploads\/2019\/12\/kb_logo-768x313.png 768w, https:\/\/www.bzpg.pl\/wp-content\/uploads\/2019\/12\/kb_logo.png 974w\" alt=\"\" width=\"49\" height=\"20\" \/>\u00a0 Operator \u2013 Podstawa prawna<\/strong><\/p>\n<p>Komunikacja Beskidzka Sp\u00f3\u0142ka Akcyjna jest operatorem publicznego transportu zbiorowego o charakterze u\u017cyteczno\u015bci publicznej w powiatowo-gminnych przewozach pasa\u017cerskich.<\/p>\n<p>Podstawowymi dokumentami w oparciu o kt\u00f3re dzia\u0142a\u00a0 podmiot wewn\u0119trzny s\u0105 m.in.:<\/p>\n<ul>\n<li>Umowa o \u015bwiadczenie us\u0142ug publicznego transportu zbiorowego<\/li>\n<li>Ustawa z dnia 15 wrze\u015bnia 2000 r. Kodeks sp\u00f3\u0142ek handlowych<\/li>\n<li>Ustawa z dnia 20 czerwca 1992 r. o uprawnieniach do ulgowych przejazd\u00f3w \u015brodkami publicznego transportu zbiorowego<\/li>\n<li>Ustawa z dnia 6 wrze\u015bnia 2001 r. o transporcie drogowym<\/li>\n<li>Ustawa z dnia 16 grudnia 2010 r. o publicznym transporcie zbiorowym<\/li>\n<li>Rozporz\u0105dzenie\u00a0(WE) nr\u00a01370\/2007 Parlamentu Europejskiego\u00a0i\u00a0Rady z dnia 23\u00a0pa\u017adziernika\u00a02007\u00a0r. dotycz\u0105ce us\u0142ug publicznych w\u00a0zakresie kolejowego\u00a0i\u00a0drogowego transportu pasa\u017cerskiego oraz uchylaj\u0105ce rozporz\u0105dzenia Rady\u00a0(EWG) nr\u00a01191\/69\u00a0i\u00a0(EWG) nr 1107\/70<\/li>\n<\/ul>\n","protected":false},"excerpt":{"rendered":"<p>\u00a0 Operator \u2013 Podstawa prawna Komunikacja Beskidzka Sp\u00f3\u0142ka Akcyjna jest operatorem publicznego transportu zbiorowego o charakterze u\u017cyteczno\u015bci publicznej w powiatowo-gminnych przewozach pasa\u017cerskich. Podstawowymi dokumentami w oparciu o kt\u00f3re dzia\u0142a\u00a0 podmiot wewn\u0119trzny s\u0105 m.in.: Umowa o \u015bwiadczenie us\u0142ug publicznego transportu zbiorowego Ustawa z dnia 15 wrze\u015bnia 2000 r. Kodeks sp\u00f3\u0142ek handlowych Ustawa z dnia 20 czerwca&hellip; <br \/> <a class=\"read-more\" href=\"https:\/\/www.bzpg.pl\/index.php\/podstawa-prawna\/\">Read more<\/a><\/p>\n","protected":false},"author":4,"featured_media":0,"parent":0,"menu_order":0,"comment_status":"closed","ping_status":"closed","template":"","meta":{"footnotes":""},"class_list":["post-2490","page","type-page","status-publish","hentry"],"yoast_head":"<!-- This site is optimized with the Yoast SEO plugin v28.1 - https:\/\/yoast.com\/product\/yoast-seo-wordpress\/ -->\n<title>Podstawa prawna - Beskidzki Zwi\u0105zek Powiatowo Gminny<\/title>\n<meta name=\"robots\" content=\"index, follow, max-snippet:-1, max-image-preview:large, max-video-preview:-1\" \/>\n<link rel=\"canonical\" href=\"https:\/\/www.bzpg.pl\/index.php\/podstawa-prawna\/\" \/>\n<meta property=\"og:locale\" content=\"pl_PL\" \/>\n<meta property=\"og:type\" content=\"article\" \/>\n<meta property=\"og:title\" content=\"Podstawa prawna - Beskidzki Zwi\u0105zek Powiatowo Gminny\" \/>\n<meta property=\"og:description\" content=\"\u00a0 Operator \u2013 Podstawa prawna Komunikacja Beskidzka Sp\u00f3\u0142ka Akcyjna jest operatorem publicznego transportu zbiorowego o charakterze u\u017cyteczno\u015bci publicznej w powiatowo-gminnych przewozach pasa\u017cerskich. Podstawowymi dokumentami w oparciu o kt\u00f3re dzia\u0142a\u00a0 podmiot wewn\u0119trzny s\u0105 m.in.: Umowa o \u015bwiadczenie us\u0142ug publicznego transportu zbiorowego Ustawa z dnia 15 wrze\u015bnia 2000 r. Kodeks sp\u00f3\u0142ek handlowych Ustawa z dnia 20 czerwca&hellip; Read more\" \/>\n<meta property=\"og:url\" content=\"https:\/\/www.bzpg.pl\/index.php\/podstawa-prawna\/\" \/>\n<meta property=\"og:site_name\" content=\"Beskidzki Zwi\u0105zek Powiatowo Gminny\" \/>\n<meta property=\"article:modified_time\" content=\"2023-07-06T08:23:18+00:00\" \/>\n<meta property=\"og:image\" content=\"https:\/\/www.bzpg.pl\/wp-content\/uploads\/2019\/12\/kb_logo.png\" \/>\n\t<meta property=\"og:image:width\" content=\"974\" \/>\n\t<meta property=\"og:image:height\" content=\"397\" \/>\n\t<meta property=\"og:image:type\" content=\"image\/png\" \/>\n<meta name=\"twitter:card\" content=\"summary_large_image\" \/>\n<meta name=\"twitter:label1\" content=\"Szacowany czas czytania\" \/>\n\t<meta name=\"twitter:data1\" content=\"1 minuta\" \/>\n<script type=\"application\/ld+json\" class=\"yoast-schema-graph\">{\"@context\":\"https:\\\/\\\/schema.org\",\"@graph\":[{\"@type\":\"WebPage\",\"@id\":\"https:\\\/\\\/www.bzpg.pl\\\/index.php\\\/podstawa-prawna\\\/\",\"url\":\"https:\\\/\\\/www.bzpg.pl\\\/index.php\\\/podstawa-prawna\\\/\",\"name\":\"Podstawa prawna - Beskidzki Zwi\u0105zek Powiatowo Gminny\",\"isPartOf\":{\"@id\":\"https:\\\/\\\/www.bzpg.pl\\\/#website\"},\"primaryImageOfPage\":{\"@id\":\"https:\\\/\\\/www.bzpg.pl\\\/index.php\\\/podstawa-prawna\\\/#primaryimage\"},\"image\":{\"@id\":\"https:\\\/\\\/www.bzpg.pl\\\/index.php\\\/podstawa-prawna\\\/#primaryimage\"},\"thumbnailUrl\":\"https:\\\/\\\/bzpg.e-bielsko.net\\\/wp-content\\\/uploads\\\/2019\\\/12\\\/kb_logo-300x122.png\",\"datePublished\":\"2023-06-29T10:10:13+00:00\",\"dateModified\":\"2023-07-06T08:23:18+00:00\",\"breadcrumb\":{\"@id\":\"https:\\\/\\\/www.bzpg.pl\\\/index.php\\\/podstawa-prawna\\\/#breadcrumb\"},\"inLanguage\":\"pl-PL\",\"potentialAction\":[{\"@type\":\"ReadAction\",\"target\":[\"https:\\\/\\\/www.bzpg.pl\\\/index.php\\\/podstawa-prawna\\\/\"]}]},{\"@type\":\"ImageObject\",\"inLanguage\":\"pl-PL\",\"@id\":\"https:\\\/\\\/www.bzpg.pl\\\/index.php\\\/podstawa-prawna\\\/#primaryimage\",\"url\":\"https:\\\/\\\/bzpg.e-bielsko.net\\\/wp-content\\\/uploads\\\/2019\\\/12\\\/kb_logo-300x122.png\",\"contentUrl\":\"https:\\\/\\\/bzpg.e-bielsko.net\\\/wp-content\\\/uploads\\\/2019\\\/12\\\/kb_logo-300x122.png\"},{\"@type\":\"BreadcrumbList\",\"@id\":\"https:\\\/\\\/www.bzpg.pl\\\/index.php\\\/podstawa-prawna\\\/#breadcrumb\",\"itemListElement\":[{\"@type\":\"ListItem\",\"position\":1,\"name\":\"Home\",\"item\":\"https:\\\/\\\/www.bzpg.pl\\\/\"},{\"@type\":\"ListItem\",\"position\":2,\"name\":\"Podstawa prawna\"}]},{\"@type\":\"WebSite\",\"@id\":\"https:\\\/\\\/www.bzpg.pl\\\/#website\",\"url\":\"https:\\\/\\\/www.bzpg.pl\\\/\",\"name\":\"Beskidzki Zwi\u0105zek Powiatowo Gminny\",\"description\":\"\",\"publisher\":{\"@id\":\"https:\\\/\\\/www.bzpg.pl\\\/#organization\"},\"potentialAction\":[{\"@type\":\"SearchAction\",\"target\":{\"@type\":\"EntryPoint\",\"urlTemplate\":\"https:\\\/\\\/www.bzpg.pl\\\/?s={search_term_string}\"},\"query-input\":{\"@type\":\"PropertyValueSpecification\",\"valueRequired\":true,\"valueName\":\"search_term_string\"}}],\"inLanguage\":\"pl-PL\"},{\"@type\":\"Organization\",\"@id\":\"https:\\\/\\\/www.bzpg.pl\\\/#organization\",\"name\":\"Beskidzki Zwi\u0105zek Powiatowo Gminny\",\"url\":\"https:\\\/\\\/www.bzpg.pl\\\/\",\"logo\":{\"@type\":\"ImageObject\",\"inLanguage\":\"pl-PL\",\"@id\":\"https:\\\/\\\/www.bzpg.pl\\\/#\\\/schema\\\/logo\\\/image\\\/\",\"url\":\"https:\\\/\\\/www.bzpg.pl\\\/wp-content\\\/uploads\\\/2021\\\/01\\\/cropped-bzpg_logo1.png\",\"contentUrl\":\"https:\\\/\\\/www.bzpg.pl\\\/wp-content\\\/uploads\\\/2021\\\/01\\\/cropped-bzpg_logo1.png\",\"width\":1733,\"height\":432,\"caption\":\"Beskidzki Zwi\u0105zek Powiatowo Gminny\"},\"image\":{\"@id\":\"https:\\\/\\\/www.bzpg.pl\\\/#\\\/schema\\\/logo\\\/image\\\/\"}}]}<\/script>\n<!-- \/ Yoast SEO plugin. -->","yoast_head_json":{"title":"Podstawa prawna - Beskidzki Zwi\u0105zek Powiatowo Gminny","robots":{"index":"index","follow":"follow","max-snippet":"max-snippet:-1","max-image-preview":"max-image-preview:large","max-video-preview":"max-video-preview:-1"},"canonical":"https:\/\/www.bzpg.pl\/index.php\/podstawa-prawna\/","og_locale":"pl_PL","og_type":"article","og_title":"Podstawa prawna - Beskidzki Zwi\u0105zek Powiatowo Gminny","og_description":"\u00a0 Operator \u2013 Podstawa prawna Komunikacja Beskidzka Sp\u00f3\u0142ka Akcyjna jest operatorem publicznego transportu zbiorowego o charakterze u\u017cyteczno\u015bci publicznej w powiatowo-gminnych przewozach pasa\u017cerskich. Podstawowymi dokumentami w oparciu o kt\u00f3re dzia\u0142a\u00a0 podmiot wewn\u0119trzny s\u0105 m.in.: Umowa o \u015bwiadczenie us\u0142ug publicznego transportu zbiorowego Ustawa z dnia 15 wrze\u015bnia 2000 r. Kodeks sp\u00f3\u0142ek handlowych Ustawa z dnia 20 czerwca&hellip; Read more","og_url":"https:\/\/www.bzpg.pl\/index.php\/podstawa-prawna\/","og_site_name":"Beskidzki Zwi\u0105zek Powiatowo Gminny","article_modified_time":"2023-07-06T08:23:18+00:00","og_image":[{"width":974,"height":397,"url":"https:\/\/www.bzpg.pl\/wp-content\/uploads\/2019\/12\/kb_logo.png","type":"image\/png"}],"twitter_card":"summary_large_image","twitter_misc":{"Szacowany czas czytania":"1 minuta"},"schema":{"@context":"https:\/\/schema.org","@graph":[{"@type":"WebPage","@id":"https:\/\/www.bzpg.pl\/index.php\/podstawa-prawna\/","url":"https:\/\/www.bzpg.pl\/index.php\/podstawa-prawna\/","name":"Podstawa prawna - Beskidzki Zwi\u0105zek Powiatowo Gminny","isPartOf":{"@id":"https:\/\/www.bzpg.pl\/#website"},"primaryImageOfPage":{"@id":"https:\/\/www.bzpg.pl\/index.php\/podstawa-prawna\/#primaryimage"},"image":{"@id":"https:\/\/www.bzpg.pl\/index.php\/podstawa-prawna\/#primaryimage"},"thumbnailUrl":"https:\/\/bzpg.e-bielsko.net\/wp-content\/uploads\/2019\/12\/kb_logo-300x122.png","datePublished":"2023-06-29T10:10:13+00:00","dateModified":"2023-07-06T08:23:18+00:00","breadcrumb":{"@id":"https:\/\/www.bzpg.pl\/index.php\/podstawa-prawna\/#breadcrumb"},"inLanguage":"pl-PL","potentialAction":[{"@type":"ReadAction","target":["https:\/\/www.bzpg.pl\/index.php\/podstawa-prawna\/"]}]},{"@type":"ImageObject","inLanguage":"pl-PL","@id":"https:\/\/www.bzpg.pl\/index.php\/podstawa-prawna\/#primaryimage","url":"https:\/\/bzpg.e-bielsko.net\/wp-content\/uploads\/2019\/12\/kb_logo-300x122.png","contentUrl":"https:\/\/bzpg.e-bielsko.net\/wp-content\/uploads\/2019\/12\/kb_logo-300x122.png"},{"@type":"BreadcrumbList","@id":"https:\/\/www.bzpg.pl\/index.php\/podstawa-prawna\/#breadcrumb","itemListElement":[{"@type":"ListItem","position":1,"name":"Home","item":"https:\/\/www.bzpg.pl\/"},{"@type":"ListItem","position":2,"name":"Podstawa prawna"}]},{"@type":"WebSite","@id":"https:\/\/www.bzpg.pl\/#website","url":"https:\/\/www.bzpg.pl\/","name":"Beskidzki Zwi\u0105zek Powiatowo Gminny","description":"","publisher":{"@id":"https:\/\/www.bzpg.pl\/#organization"},"potentialAction":[{"@type":"SearchAction","target":{"@type":"EntryPoint","urlTemplate":"https:\/\/www.bzpg.pl\/?s={search_term_string}"},"query-input":{"@type":"PropertyValueSpecification","valueRequired":true,"valueName":"search_term_string"}}],"inLanguage":"pl-PL"},{"@type":"Organization","@id":"https:\/\/www.bzpg.pl\/#organization","name":"Beskidzki Zwi\u0105zek Powiatowo Gminny","url":"https:\/\/www.bzpg.pl\/","logo":{"@type":"ImageObject","inLanguage":"pl-PL","@id":"https:\/\/www.bzpg.pl\/#\/schema\/logo\/image\/","url":"https:\/\/www.bzpg.pl\/wp-content\/uploads\/2021\/01\/cropped-bzpg_logo1.png","contentUrl":"https:\/\/www.bzpg.pl\/wp-content\/uploads\/2021\/01\/cropped-bzpg_logo1.png","width":1733,"height":432,"caption":"Beskidzki Zwi\u0105zek Powiatowo Gminny"},"image":{"@id":"https:\/\/www.bzpg.pl\/#\/schema\/logo\/image\/"}}]}},"_links":{"self":[{"href":"https:\/\/www.bzpg.pl\/index.php\/wp-json\/wp\/v2\/pages\/2490","targetHints":{"allow":["GET"]}}],"collection":[{"href":"https:\/\/www.bzpg.pl\/index.php\/wp-json\/wp\/v2\/pages"}],"about":[{"href":"https:\/\/www.bzpg.pl\/index.php\/wp-json\/wp\/v2\/types\/page"}],"author":[{"embeddable":true,"href":"https:\/\/www.bzpg.pl\/index.php\/wp-json\/wp\/v2\/users\/4"}],"replies":[{"embeddable":true,"href":"https:\/\/www.bzpg.pl\/index.php\/wp-json\/wp\/v2\/comments?post=2490"}],"version-history":[{"count":4,"href":"https:\/\/www.bzpg.pl\/index.php\/wp-json\/wp\/v2\/pages\/2490\/revisions"}],"predecessor-version":[{"id":2568,"href":"https:\/\/www.bzpg.pl\/index.php\/wp-json\/wp\/v2\/pages\/2490\/revisions\/2568"}],"wp:attachment":[{"href":"https:\/\/www.bzpg.pl\/index.php\/wp-json\/wp\/v2\/media?parent=2490"}],"curies":[{"name":"wp","href":"https:\/\/api.w.org\/{rel}","templated":true}]}}

<p><strong><img loading="lazy" decoding="async" class="alignnone wp-image-1435" src="https://bzpg.e-bielsko.net/wp-content/uploads/2019/12/kb_logo-300x122.png" sizes="auto, (max-width: 49px) 100vw, 49px" srcset="https://www.bzpg.pl/wp-content/uploads/2019/12/kb_logo-300x122.png 300w, https://www.bzpg.pl/wp-content/uploads/2019/12/kb_logo-768x313.png 768w, https://www.bzpg.pl/wp-content/uploads/2019/12/kb_logo.png 974w" alt="" width="49" height="20" />  Operator – Podstawa prawna</strong></p>
<p>Komunikacja Beskidzka Spółka Akcyjna jest operatorem publicznego transportu zbiorowego o charakterze użyteczności publicznej w powiatowo-gminnych przewozach pasażerskich.</p>
<p>Podstawowymi dokumentami w oparciu o które działa  podmiot wewnętrzny są m.in.:</p>
<ul>
<li>Umowa o świadczenie usług publicznego transportu zbiorowego</li>
<li>Ustawa z dnia 15 września 2000 r. Kodeks spółek handlowych</li>
<li>Ustawa z dnia 20 czerwca 1992 r. o uprawnieniach do ulgowych przejazdów środkami publicznego transportu zbiorowego</li>
<li>Ustawa z dnia 6 września 2001 r. o transporcie drogowym</li>
<li>Ustawa z dnia 16 grudnia 2010 r. o publicznym transporcie zbiorowym</li>
<li>Rozporządzenie (WE) nr 1370/2007 Parlamentu Europejskiego i Rady z dnia 23 października 2007 r. dotyczące usług publicznych w zakresie kolejowego i drogowego transportu pasażerskiego oraz uchylające rozporządzenia Rady (EWG) nr 1191/69 i (EWG) nr 1107/70</li>
</ul>

<p>  Operator – Podstawa prawna Komunikacja Beskidzka Spółka Akcyjna jest operatorem publicznego transportu zbiorowego o charakterze użyteczności publicznej w powiatowo-gminnych przewozach pasażerskich. Podstawowymi dokumentami w oparciu o które działa  podmiot wewnętrzny są m.in.: Umowa o świadczenie usług publicznego transportu zbiorowego Ustawa z dnia 15 września 2000 r. Kodeks spółek handlowych Ustawa z dnia 20 czerwca&hellip; <br /> <a class="read-more" href="https://www.bzpg.pl/index.php/podstawa-prawna/">Read more</a></p>

<!-- This site is optimized with the Yoast SEO plugin v28.1 - https://yoast.com/product/yoast-seo-wordpress/ -->
<title>Podstawa prawna - Beskidzki Związek Powiatowo Gminny</title>
<meta name="robots" content="index, follow, max-snippet:-1, max-image-preview:large, max-video-preview:-1" />
<link rel="canonical" href="https://www.bzpg.pl/index.php/podstawa-prawna/" />
<meta property="og:locale" content="pl_PL" />
<meta property="og:type" content="article" />
<meta property="og:title" content="Podstawa prawna - Beskidzki Związek Powiatowo Gminny" />
<meta property="og:description" content="  Operator – Podstawa prawna Komunikacja Beskidzka Spółka Akcyjna jest operatorem publicznego transportu zbiorowego o charakterze użyteczności publicznej w powiatowo-gminnych przewozach pasażerskich. Podstawowymi dokumentami w oparciu o które działa  podmiot wewnętrzny są m.in.: Umowa o świadczenie usług publicznego transportu zbiorowego Ustawa z dnia 15 września 2000 r. Kodeks spółek handlowych Ustawa z dnia 20 czerwca&hellip; Read more" />
<meta property="og:url" content="https://www.bzpg.pl/index.php/podstawa-prawna/" />
<meta property="og:site_name" content="Beskidzki Związek Powiatowo Gminny" />
<meta property="article:modified_time" content="2023-07-06T08:23:18+00:00" />
<meta property="og:image" content="https://www.bzpg.pl/wp-content/uploads/2019/12/kb_logo.png" />
	<meta property="og:image:width" content="974" />
	<meta property="og:image:height" content="397" />
	<meta property="og:image:type" content="image/png" />
<meta name="twitter:card" content="summary_large_image" />
<meta name="twitter:label1" content="Szacowany czas czytania" />
	<meta name="twitter:data1" content="1 minuta" />
<script type="application/ld+json" class="yoast-schema-graph">{"@context":"https:\/\/schema.org","@graph":[{"@type":"WebPage","@id":"https:\/\/www.bzpg.pl\/index.php\/podstawa-prawna\/","url":"https:\/\/www.bzpg.pl\/index.php\/podstawa-prawna\/","name":"Podstawa prawna - Beskidzki Związek Powiatowo Gminny","isPartOf":{"@id":"https:\/\/www.bzpg.pl\/#website"},"primaryImageOfPage":{"@id":"https:\/\/www.bzpg.pl\/index.php\/podstawa-prawna\/#primaryimage"},"image":{"@id":"https:\/\/www.bzpg.pl\/index.php\/podstawa-prawna\/#primaryimage"},"thumbnailUrl":"https:\/\/bzpg.e-bielsko.net\/wp-content\/uploads\/2019\/12\/kb_logo-300x122.png","datePublished":"2023-06-29T10:10:13+00:00","dateModified":"2023-07-06T08:23:18+00:00","breadcrumb":{"@id":"https:\/\/www.bzpg.pl\/index.php\/podstawa-prawna\/#breadcrumb"},"inLanguage":"pl-PL","potentialAction":[{"@type":"ReadAction","target":["https:\/\/www.bzpg.pl\/index.php\/podstawa-prawna\/"]}]},{"@type":"ImageObject","inLanguage":"pl-PL","@id":"https:\/\/www.bzpg.pl\/index.php\/podstawa-prawna\/#primaryimage","url":"https:\/\/bzpg.e-bielsko.net\/wp-content\/uploads\/2019\/12\/kb_logo-300x122.png","contentUrl":"https:\/\/bzpg.e-bielsko.net\/wp-content\/uploads\/2019\/12\/kb_logo-300x122.png"},{"@type":"BreadcrumbList","@id":"https:\/\/www.bzpg.pl\/index.php\/podstawa-prawna\/#breadcrumb","itemListElement":[{"@type":"ListItem","position":1,"name":"Home","item":"https:\/\/www.bzpg.pl\/"},{"@type":"ListItem","position":2,"name":"Podstawa prawna"}]},{"@type":"WebSite","@id":"https:\/\/www.bzpg.pl\/#website","url":"https:\/\/www.bzpg.pl\/","name":"Beskidzki Związek Powiatowo Gminny","description":"","publisher":{"@id":"https:\/\/www.bzpg.pl\/#organization"},"potentialAction":[{"@type":"SearchAction","target":{"@type":"EntryPoint","urlTemplate":"https:\/\/www.bzpg.pl\/?s={search_term_string}"},"query-input":{"@type":"PropertyValueSpecification","valueRequired":true,"valueName":"search_term_string"}}],"inLanguage":"pl-PL"},{"@type":"Organization","@id":"https:\/\/www.bzpg.pl\/#organization","name":"Beskidzki Związek Powiatowo Gminny","url":"https:\/\/www.bzpg.pl\/","logo":{"@type":"ImageObject","inLanguage":"pl-PL","@id":"https:\/\/www.bzpg.pl\/#\/schema\/logo\/image\/","url":"https:\/\/www.bzpg.pl\/wp-content\/uploads\/2021\/01\/cropped-bzpg_logo1.png","contentUrl":"https:\/\/www.bzpg.pl\/wp-content\/uploads\/2021\/01\/cropped-bzpg_logo1.png","width":1733,"height":432,"caption":"Beskidzki Związek Powiatowo Gminny"},"image":{"@id":"https:\/\/www.bzpg.pl\/#\/schema\/logo\/image\/"}}]}</script>
<!-- / Yoast SEO plugin. -->

Podstawa prawna - Beskidzki Związek Powiatowo Gminny

Operator – Podstawa prawna Komunikacja Beskidzka Spółka Akcyjna jest operatorem publicznego transportu zbiorowego o charakterze użyteczności publicznej w powiatowo-gminnych przewozach pasażerskich. Podstawowymi dokumentami w oparciu o które działa  podmiot wewnętrzny są m.in.: Umowa o świadczenie usług publicznego transportu zbiorowego Ustawa z dnia 15 września 2000 r. Kodeks spółek handlowych Ustawa z dnia 20 czerwca&hellip; Read more

Beskidzki Związek Powiatowo Gminny
